529
List the prime factors of 1309.
7, 11, 17
List the prime factors of 39745.
5, 7949
List the prime factors of 62732.
2, 15683
What are the prime factors of 137778?
2, 3, 22963
What are the prime factors of 3882?
2, 3, 647
What are the prime factors of 20494?
2, 10247
What are the prime factors of 768?
2, 3
List the prime factors of 4618.
2, 2309
What are the prime factors of 31254?
2, 3, 5209
List the prime factors of 1926.
2, 3, 107
What are the prime factors of 37734?
2, 3, 19, 331
List the prime factors of 21694.
2, 10847
What are the prime factors of 2405?
5, 13, 37
List the prime factors of 23201.
23201
What are the prime factors of 21779?
29, 751
List the prime factors of 3959.
37, 107
What are the prime factors of 5448?
2, 3, 227
List the prime factors of 1165.
5, 233
List the prime factors of 2004.
2, 3, 167
List the prime factors of 8488.
2, 1061
List the prime factors of 417.
3, 139
List the prime factors of 20043.
3, 17, 131
List the prime factors of 98115.
3, 5, 31, 211
List the prime factors of 712.
2, 89
List the prime factors of 399.
3, 7, 19
List the prime factors of 2918.
2, 1459
What are the prime factors of 3008?
2, 47
What are the prime factors of 3440?
2, 5, 43
What are the prime factors of 2524?
2, 631
List the prime factors of 1879.
1879
List the prime factors of 44502.
2, 3, 7417
List the prime factors of 1111.
11, 101
List the prime factors of 14437.
14437
What are the prime factors of 2850?
2, 3, 5, 19
List the prime factors of 48894.
2, 3, 29, 281
What are the prime factors of 3176?
2, 397
What are the prime factors of 1151?
1151
What are the prime factors of 3654?
2, 3, 7, 29
What are the prime factors of 1877?
1877
What are the prime factors of 10910?
2, 5, 1091
What are the prime factors of 5882?
2, 17, 173
What are the prime factors of 23584?
2, 11, 67
List the prime factors of 10142.
2, 11, 461
What are the prime factors of 1893?
3, 631
List the prime factors of 2947.
7, 421
List the prime factors of 1451.
1451
List the prime factors of 45933.
3, 61, 251
List the prime factors of 3737.
37, 101
List the prime factors of 60259.
60259
What are the prime factors of 441?
3, 7
List the prime factors of 38717.
7, 5531
List the prime factors of 1594.
2, 797
What are the prime factors of 3107?
13, 239
List the prime factors of 1150.
2, 5, 23
List the prime factors of 37653.
3, 7, 11, 163
List the prime factors of 60739.
7, 8677
List the prime factors of 825.
3, 5, 11
What are the prime factors of 903?
3, 7, 43
What are the prime factors of 11854?
2, 5927
What are the prime factors of 2764?
2, 691
List the prime factors of 927.
3, 103
List the prime factors of 899.
29, 31
What are the prime factors of 5398?
2, 2699
List the prime factors of 4597.
4597
List the prime factors of 713.
23, 31
List the prime factors of 6286.
2, 7, 449
What are the prime factors of 375?
3, 5
What are the prime factors of 751?
751
List the prime factors of 4788.
2, 3, 7, 19
List the prime factors of 65353.
65353
List the prime factors of 388.
2, 97
List the prime factors of 2122.
2, 1061
List the prime factors of 2407.
29, 83
List the prime factors of 5600.
2, 5, 7
List the prime factors of 24623.
24623
What are the prime factors of 33499?
139, 241
List the prime factors of 6968.
2, 13, 67
What are the prime factors of 106869?
3, 7, 727
List the prime factors of 4827.
3, 1609
What are the prime factors of 1663?
1663
List the prime factors of 3965.
5, 13, 61
List the prime factors of 18633.
3, 6211
What are the prime factors of 16710?
2, 3, 5, 557
What are the prime factors of 521?
521
List the prime factors of 3971.
11, 19
What are the prime factors of 5308?
2, 1327
List the prime factors of 6944.
2, 7, 31
List the prime factors of 2973.
3, 991
What are the prime factors of 95459?
7, 13, 1049
List the prime factors of 8824.
2, 1103
What are the prime factors of 1692?
2, 3, 47
What are the prime factors of 1014?
2, 3, 13
What are the prime factors of 18256?
2, 7, 163
What are the prime factors of 3492?
2, 3, 97
What are the prime factors of 12629?
73, 173
What are the prime factors of 1869?
3, 7, 89
List the prime factors of 1144.
2, 11, 13
List the prime factors of 59813.
13, 43, 107
What are the prime factors of 30608?
2, 1913
List the prime factors of 1610.
2, 5, 7, 23
What are the prime factors of 577?
577
What are the prime factors of 3757?
13, 17
List the prime factors of 18803.
18803
What are the prime factors of 10621?
13, 19, 43
List the prime factors of 8419.
8419
What are the prime factors of 39293?
39293
What are the prime factors of 5728?
2, 179
What are the prime factors of 2147?
19, 113
What are the prime factors of 193?
193
What are the prime factors of 29566?
2, 14783
What are the prime factors of 13593?
3, 23, 197
List the prime factors of 5478.
2, 3, 11, 83
List the prime factors of 830.
2, 5, 83
What are the prime factors of 6670?
2, 5, 23, 29
What are the prime factors of 140059?
227, 617
What are the prime factors of 1252?
2, 313
List the prime factors of 4036.
2, 1009
List the prime factors of 13543.
29, 467
What are the prime factors of 31238?
2, 15619
List the prime factors of 796.
2, 199
What are the prime factors of 3314?
2, 1657
What are the prime factors of 1384?
2, 173
List the prime factors of 15065.
5, 23, 131
List the prime factors of 90280.
2, 5, 37, 61
What are the prime factors of 40981?
107, 383
List the prime factors of 1678.
2, 839
List the prime factors of 8808.
2, 3, 367
What are the prime factors of 589?
19, 31
List the prime factors of 387.
3, 43
What are the prime factors of 1240?
2, 5, 31
List the prime factors of 6634.
2, 31, 107
What are the prime factors of 4376?
2, 547
What are the prime factors of 288?
2, 3
What are the prime factors of 10056?
2, 3, 419
List the prime factors of 1076.
2, 269
What are the prime factors of 545?
5, 109
List the prime factors of 3127.
53, 59
List the prime factors of 1073.
29, 37
What are the prime factors of 5039?
5039
What are the prime factors of 55178?
2, 47, 587
What are the prime factors of 14682?
2, 3, 2447
List the prime factors of 114924.
2, 3, 61, 157
What are the prime factors of 32462?
2, 16231
What are the prime factors of 2082?
2, 3, 347
What are the prime factors of 2951?
13, 227
What are the prime factors of 188305?
5, 13, 2897
List the prime factors of 4974.
2, 3, 829
What are the prime factors of 1133?
11, 103
What are the prime factors of 58682?
2, 13, 37, 61
What are the prime factors of 185394?
2, 3, 11, 53
List the prime factors of 2681.
7, 383
What are the prime factors of 2469?
3, 823
What are the prime factors of 17843?
7, 2549
What are the prime factors of 849?
3, 283
What are the prime factors of 348?
2, 3, 29
List the prime factors of 1079.
13, 83
What are the prime factors of 18965?
5, 3793
List the prime factors of 12866.
2, 7, 919
List the prime factors of 30122.
2, 15061
List the prime factors of 2571.
3, 857
List the prime factors of 8072.
2, 1009
What are the prime factors of 6594?
2, 3, 7, 157
List the prime factors of 20801.
11, 31, 61
List the prime factors of 39269.
107, 367
List the prime factors of 15677.
61, 257
What are the prime factors of 44239?
13, 41, 83
List the prime factors of 6132.
2, 3, 7, 73
List the prime factors of 55413.
3, 47, 131
What are the prime factors of 897?
3, 13, 23
List the prime factors of 3069.
3, 11, 31
List the prime factors of 5120.
2, 5
What are the prime factors of 48453?
3, 31, 521
What are the prime factors of 49332?
2, 3, 4111
What are the prime factors of 2541?
3, 7, 11
What are the prime factors of 31612?
2, 7, 1129
What are the prime factors of 34676?
2, 8669
What are the prime factors of 131522?
2, 65761
List the prime factors of 1370.
2, 5, 137
List the prime factors of 32126.
2, 16063
List the prime factors of 33203.
33203
List the prime factors of 17505.
3, 5, 389
List the prime factors of 1777.
1777
What are the prime factors of 150870?
2, 3, 5, 47, 107
What are the prime factors of 18247?
71, 257
What are the prime factors of 21565?
5, 19, 227
List the prime factors of 3610.
2, 5, 19
What are the prime factors of 93827?
93827
What are the prime factors of 36782?
2, 53, 347
What are the prime factors of 4354?
2, 7, 311
What are the prime factors of 88970?
2, 5, 7, 31, 41
List t